{"id":3557,"date":"2019-08-03T15:18:50","date_gmt":"2019-08-03T13:18:50","guid":{"rendered":"https:\/\/www.yaruna.com\/bien-etre\/?page_id=3557"},"modified":"2020-08-08T17:22:31","modified_gmt":"2020-08-08T15:22:31","slug":"apprendre-a-masser-votre-bebe","status":"publish","type":"page","link":"https:\/\/www.yaruna.com\/bien-etre\/apprendre-a-masser-votre-bebe\/","title":{"rendered":"Apprendre \u00e0 masser votre b\u00e9b\u00e9"},"content":{"rendered":"[vc_row type=\u00a0\u00bbin_container\u00a0\u00bb full_screen_row_position=\u00a0\u00bbmiddle\u00a0\u00bb scene_position=\u00a0\u00bbcenter\u00a0\u00bb text_color=\u00a0\u00bbdark\u00a0\u00bb text_align=\u00a0\u00bbleft\u00a0\u00bb overlay_strength=\u00a0\u00bb0.3&Prime;][vc_column column_padding=\u00a0\u00bbno-extra-padding\u00a0\u00bb column_padding_position=\u00a0\u00bball\u00a0\u00bb background_color_opacity=\u00a0\u00bb1&Prime; background_hover_color_opacity=\u00a0\u00bb1&Prime; column_shadow=\u00a0\u00bbnone\u00a0\u00bb width=\u00a0\u00bb1\/1&Prime; tablet_text_alignment=\u00a0\u00bbdefault\u00a0\u00bb phone_text_alignment=\u00a0\u00bbdefault\u00a0\u00bb column_border_width=\u00a0\u00bbnone\u00a0\u00bb column_border_style=\u00a0\u00bbsolid\u00a0\u00bb]<div class=\"img-with-aniamtion-wrap center\" data-max-width=\"100%\"><div class=\"inner\"><img loading=\"lazy\" decoding=\"async\" data-shadow=\"none\" data-shadow-direction=\"middle\" class=\"img-with-animation \" data-delay=\"0\" height=\"600\" width=\"400\" data-animation=\"fade-in\" src=\"https:\/\/www.yaruna.com\/bien-etre\/wp-content\/uploads\/sites\/2\/2019\/08\/1aeb4ed8-aefa-43ea-a503-bf14466ab968-e1567071759916.jpg\"  alt=\"\" \/><\/div><\/div>[\/vc_column][\/vc_row][vc_row type=\u00a0\u00bbin_container\u00a0\u00bb full_screen_row_position=\u00a0\u00bbmiddle\u00a0\u00bb scene_position=\u00a0\u00bbcenter\u00a0\u00bb text_color=\u00a0\u00bbdark\u00a0\u00bb text_align=\u00a0\u00bbleft\u00a0\u00bb overlay_strength=\u00a0\u00bb0.3&Prime;][vc_column column_padding=\u00a0\u00bbno-extra-padding\u00a0\u00bb column_padding_position=\u00a0\u00bball\u00a0\u00bb background_color_opacity=\u00a0\u00bb1&Prime; background_hover_color_opacity=\u00a0\u00bb1&Prime; column_shadow=\u00a0\u00bbnone\u00a0\u00bb width=\u00a0\u00bb1\/1&Prime; tablet_text_alignment=\u00a0\u00bbdefault\u00a0\u00bb phone_text_alignment=\u00a0\u00bbdefault\u00a0\u00bb column_border_width=\u00a0\u00bbnone\u00a0\u00bb column_border_style=\u00a0\u00bbsolid\u00a0\u00bb][vc_column_text]<strong>Un toucher tout doux pour vos petits bouts de choux.<\/strong><\/p>\n<p>En Afrique et en Asie, le massage du b\u00e9b\u00e9 fait partie de la culture, on masse les b\u00e9b\u00e9s d\u00e8s la naissance.<br \/>\nLe toucher est un des sens chez le b\u00e9b\u00e9 qui est mature, c&rsquo;est dire l&rsquo;importance que peut avoir un massage!<\/p>\n<p><strong>Pourquoi masser son b\u00e9b\u00e9 ?<\/strong><br \/>\nLe massage va vous permettre de renforcer les liens entre vous parents et votre b\u00e9b\u00e9.<br \/>\nPour le bien-\u00eatre familial, les fr\u00e8res et soeurs sont invit\u00e9s \u00e0 participer \u00e0 la s\u00e9ance.<br \/>\nIl \u00a0aide \u00e0 avoir un meilleur sommeil , \u00e0 diminuer le stress, \u00e0 le calmer et \u00e0 d\u00e9velopper sa personnalit\u00e9.<\/p>\n<p><strong>Quand masser son petit bout de choux ?<\/strong><br \/>\nCe sera en fonction de votre b\u00e9b\u00e9 c \u00e0 d, il doit \u00eatre r\u00e9veill\u00e9 \u00e9videmment, disponible \u00e0 recevoir un massage.<br \/>\nJamais apr\u00e8s le repas!<\/p>\n<p><strong>Quelle est la dur\u00e9e d&rsquo;un massage?<br \/>\n<\/strong>La dur\u00e9e du massage est de 15 \u00e0 20 minutes si le b\u00e9b\u00e9 le supporte!<br \/>\nOui il est important de respecter l&rsquo;envie de votre b\u00e9b\u00e9.<\/p>\n<p><strong>Les contres indications<\/strong>:<br \/>\n&#8211; votre b\u00e9b\u00e9 a de la fi\u00e8vre et il est malade.<br \/>\n&#8211; vous en tant que parent \u00eates surmen\u00e9 ou pas disponible \u00e0 100% ( il est pr\u00e9f\u00e9rable de faire un massage plus court avec moins de gestes \u00e0 100% que de le faire \u00e0 50%)[\/vc_column_text][\/vc_column][\/vc_row]\n","protected":false},"excerpt":{"rendered":"<p>[vc_row type=\u00a0\u00bbin_container\u00a0\u00bb full_screen_row_position=\u00a0\u00bbmiddle\u00a0\u00bb scene_position=\u00a0\u00bbcenter\u00a0\u00bb text_color=\u00a0\u00bbdark\u00a0\u00bb text_align=\u00a0\u00bbleft\u00a0\u00bb overlay_strength=\u00a0\u00bb0.3&Prime;][vc_column column_padding=\u00a0\u00bbno-extra-padding\u00a0\u00bb column_padding_position=\u00a0\u00bball\u00a0\u00bb background_color_opacity=\u00a0\u00bb1&Prime; background_hover_color_opacity=\u00a0\u00bb1&Prime; column_shadow=\u00a0\u00bbnone\u00a0\u00bb width=\u00a0\u00bb1\/1&Prime; tablet_text_alignment=\u00a0\u00bbdefault\u00a0\u00bb phone_text_alignment=\u00a0\u00bbdefault\u00a0\u00bb column_border_width=\u00a0\u00bbnone\u00a0\u00bb column_border_style=\u00a0\u00bbsolid\u00a0\u00bb][\/vc_column][\/vc_row][vc_row type=\u00a0\u00bbin_container\u00a0\u00bb full_screen_row_position=\u00a0\u00bbmiddle\u00a0\u00bb scene_position=\u00a0\u00bbcenter\u00a0\u00bb text_color=\u00a0\u00bbdark\u00a0\u00bb text_align=\u00a0\u00bbleft\u00a0\u00bb overlay_strength=\u00a0\u00bb0.3&Prime;][vc_column column_padding=\u00a0\u00bbno-extra-padding\u00a0\u00bb column_padding_position=\u00a0\u00bball\u00a0\u00bb background_color_opacity=\u00a0\u00bb1&Prime; background_hover_color_opacity=\u00a0\u00bb1&Prime; column_shadow=\u00a0\u00bbnone\u00a0\u00bb width=\u00a0\u00bb1\/1&Prime; tablet_text_alignment=\u00a0\u00bbdefault\u00a0\u00bb&#8230;<\/p>\n","protected":false},"author":1,"featured_media":0,"parent":0,"menu_order":0,"comment_status":"closed","ping_status":"closed","template":"","meta":{"_exactmetrics_skip_tracking":false,"_exactmetrics_sitenote_active":false,"_exactmetrics_sitenote_note":"","_exactmetrics_sitenote_category":0,"footnotes":""},"yoast_head":"<!-- This site is optimized with the Yoast SEO plugin v23.0 - https:\/\/yoast.com\/wordpress\/plugins\/seo\/ -->\n<title>Apprendre \u00e0 masser votre b\u00e9b\u00e9 - Bien-\u00eatre chez Yaruna<\/title>\n<meta name=\"description\" content=\"Un toucher tout doux pour vos petits bouts de choux. Le toucher est le sens qui est mature chez les b\u00e9b\u00e9s, c&#039;est dire l&#039;importance que peut avoir un masage!\" \/>\n<meta name=\"robots\" content=\"index, follow, max-snippet:-1, max-image-preview:large, max-video-preview:-1\" \/>\n<link rel=\"canonical\" href=\"https:\/\/www.yaruna.com\/bien-etre\/apprendre-a-masser-votre-bebe\/\" \/>\n<meta property=\"og:locale\" content=\"fr_FR\" \/>\n<meta property=\"og:type\" content=\"article\" \/>\n<meta property=\"og:title\" content=\"Apprendre \u00e0 masser votre b\u00e9b\u00e9 - Bien-\u00eatre chez Yaruna\" \/>\n<meta property=\"og:description\" content=\"Un toucher tout doux pour vos petits bouts de choux. Le toucher est le sens qui est mature chez les b\u00e9b\u00e9s, c&#039;est dire l&#039;importance que peut avoir un masage!\" \/>\n<meta property=\"og:url\" content=\"https:\/\/www.yaruna.com\/bien-etre\/apprendre-a-masser-votre-bebe\/\" \/>\n<meta property=\"og:site_name\" content=\"Bien-\u00eatre chez Yaruna\" \/>\n<meta property=\"article:modified_time\" content=\"2020-08-08T15:22:31+00:00\" \/>\n<meta name=\"twitter:card\" content=\"summary_large_image\" \/>\n<meta name=\"twitter:label1\" content=\"Dur\u00e9e de lecture estim\u00e9e\" \/>\n\t<meta name=\"twitter:data1\" content=\"2 minutes\" \/>\n<script type=\"application\/ld+json\" class=\"yoast-schema-graph\">{\"@context\":\"https:\/\/schema.org\",\"@graph\":[{\"@type\":\"WebPage\",\"@id\":\"https:\/\/www.yaruna.com\/bien-etre\/apprendre-a-masser-votre-bebe\/\",\"url\":\"https:\/\/www.yaruna.com\/bien-etre\/apprendre-a-masser-votre-bebe\/\",\"name\":\"Apprendre \u00e0 masser votre b\u00e9b\u00e9 - Bien-\u00eatre chez Yaruna\",\"isPartOf\":{\"@id\":\"https:\/\/www.yaruna.com\/bien-etre\/#website\"},\"datePublished\":\"2019-08-03T13:18:50+00:00\",\"dateModified\":\"2020-08-08T15:22:31+00:00\",\"description\":\"Un toucher tout doux pour vos petits bouts de choux. Le toucher est le sens qui est mature chez les b\u00e9b\u00e9s, c'est dire l'importance que peut avoir un masage!\",\"breadcrumb\":{\"@id\":\"https:\/\/www.yaruna.com\/bien-etre\/apprendre-a-masser-votre-bebe\/#breadcrumb\"},\"inLanguage\":\"fr-FR\",\"potentialAction\":[{\"@type\":\"ReadAction\",\"target\":[\"https:\/\/www.yaruna.com\/bien-etre\/apprendre-a-masser-votre-bebe\/\"]}]},{\"@type\":\"BreadcrumbList\",\"@id\":\"https:\/\/www.yaruna.com\/bien-etre\/apprendre-a-masser-votre-bebe\/#breadcrumb\",\"itemListElement\":[{\"@type\":\"ListItem\",\"position\":1,\"name\":\"Accueil\",\"item\":\"https:\/\/www.yaruna.com\/bien-etre\/\"},{\"@type\":\"ListItem\",\"position\":2,\"name\":\"Apprendre \u00e0 masser votre b\u00e9b\u00e9\"}]},{\"@type\":\"WebSite\",\"@id\":\"https:\/\/www.yaruna.com\/bien-etre\/#website\",\"url\":\"https:\/\/www.yaruna.com\/bien-etre\/\",\"name\":\"Bien-\u00eatre chez Yaruna\",\"description\":\"Bien-\u00eatre chez Yaruna Massage Africain et Cr\u00e2nien \u00e0 Bruxelles\",\"potentialAction\":[{\"@type\":\"SearchAction\",\"target\":{\"@type\":\"EntryPoint\",\"urlTemplate\":\"https:\/\/www.yaruna.com\/bien-etre\/?s={search_term_string}\"},\"query-input\":\"required name=search_term_string\"}],\"inLanguage\":\"fr-FR\"}]}<\/script>\n<!-- \/ Yoast SEO plugin. -->","yoast_head_json":{"title":"Apprendre \u00e0 masser votre b\u00e9b\u00e9 - Bien-\u00eatre chez Yaruna","description":"Un toucher tout doux pour vos petits bouts de choux. Le toucher est le sens qui est mature chez les b\u00e9b\u00e9s, c'est dire l'importance que peut avoir un masage!","robots":{"index":"index","follow":"follow","max-snippet":"max-snippet:-1","max-image-preview":"max-image-preview:large","max-video-preview":"max-video-preview:-1"},"canonical":"https:\/\/www.yaruna.com\/bien-etre\/apprendre-a-masser-votre-bebe\/","og_locale":"fr_FR","og_type":"article","og_title":"Apprendre \u00e0 masser votre b\u00e9b\u00e9 - Bien-\u00eatre chez Yaruna","og_description":"Un toucher tout doux pour vos petits bouts de choux. Le toucher est le sens qui est mature chez les b\u00e9b\u00e9s, c'est dire l'importance que peut avoir un masage!","og_url":"https:\/\/www.yaruna.com\/bien-etre\/apprendre-a-masser-votre-bebe\/","og_site_name":"Bien-\u00eatre chez Yaruna","article_modified_time":"2020-08-08T15:22:31+00:00","twitter_card":"summary_large_image","twitter_misc":{"Dur\u00e9e de lecture estim\u00e9e":"2 minutes"},"schema":{"@context":"https:\/\/schema.org","@graph":[{"@type":"WebPage","@id":"https:\/\/www.yaruna.com\/bien-etre\/apprendre-a-masser-votre-bebe\/","url":"https:\/\/www.yaruna.com\/bien-etre\/apprendre-a-masser-votre-bebe\/","name":"Apprendre \u00e0 masser votre b\u00e9b\u00e9 - Bien-\u00eatre chez Yaruna","isPartOf":{"@id":"https:\/\/www.yaruna.com\/bien-etre\/#website"},"datePublished":"2019-08-03T13:18:50+00:00","dateModified":"2020-08-08T15:22:31+00:00","description":"Un toucher tout doux pour vos petits bouts de choux. Le toucher est le sens qui est mature chez les b\u00e9b\u00e9s, c'est dire l'importance que peut avoir un masage!","breadcrumb":{"@id":"https:\/\/www.yaruna.com\/bien-etre\/apprendre-a-masser-votre-bebe\/#breadcrumb"},"inLanguage":"fr-FR","potentialAction":[{"@type":"ReadAction","target":["https:\/\/www.yaruna.com\/bien-etre\/apprendre-a-masser-votre-bebe\/"]}]},{"@type":"BreadcrumbList","@id":"https:\/\/www.yaruna.com\/bien-etre\/apprendre-a-masser-votre-bebe\/#breadcrumb","itemListElement":[{"@type":"ListItem","position":1,"name":"Accueil","item":"https:\/\/www.yaruna.com\/bien-etre\/"},{"@type":"ListItem","position":2,"name":"Apprendre \u00e0 masser votre b\u00e9b\u00e9"}]},{"@type":"WebSite","@id":"https:\/\/www.yaruna.com\/bien-etre\/#website","url":"https:\/\/www.yaruna.com\/bien-etre\/","name":"Bien-\u00eatre chez Yaruna","description":"Bien-\u00eatre chez Yaruna Massage Africain et Cr\u00e2nien \u00e0 Bruxelles","potentialAction":[{"@type":"SearchAction","target":{"@type":"EntryPoint","urlTemplate":"https:\/\/www.yaruna.com\/bien-etre\/?s={search_term_string}"},"query-input":"required name=search_term_string"}],"inLanguage":"fr-FR"}]}},"_links":{"self":[{"href":"https:\/\/www.yaruna.com\/bien-etre\/wp-json\/wp\/v2\/pages\/3557"}],"collection":[{"href":"https:\/\/www.yaruna.com\/bien-etre\/wp-json\/wp\/v2\/pages"}],"about":[{"href":"https:\/\/www.yaruna.com\/bien-etre\/wp-json\/wp\/v2\/types\/page"}],"author":[{"embeddable":true,"href":"https:\/\/www.yaruna.com\/bien-etre\/wp-json\/wp\/v2\/users\/1"}],"replies":[{"embeddable":true,"href":"https:\/\/www.yaruna.com\/bien-etre\/wp-json\/wp\/v2\/comments?post=3557"}],"version-history":[{"count":23,"href":"https:\/\/www.yaruna.com\/bien-etre\/wp-json\/wp\/v2\/pages\/3557\/revisions"}],"predecessor-version":[{"id":3598,"href":"https:\/\/www.yaruna.com\/bien-etre\/wp-json\/wp\/v2\/pages\/3557\/revisions\/3598"}],"wp:attachment":[{"href":"https:\/\/www.yaruna.com\/bien-etre\/wp-json\/wp\/v2\/media?parent=3557"}],"curies":[{"name":"wp","href":"https:\/\/api.w.org\/{rel}","templated":true}]}}